ose 2*a + 3*o = 26, q*a - 2*o - 19 = 7. List the prime factors of a.
13
Let r = 394 - -11. What are the prime factors of r?
3, 5
Suppose 4*i - 7*i + 9 = 0. Let p = i + -15. Let q = p - -28. List the prime factors of q.
2
Suppose -1486 - 3034 = -5*v. Suppose v = 4*j + 240. List the prime factors of j.
2, 83
Let k = -9258 - -15009. What are the prime factors of k?
3, 71
Let q = 8 + -1. Let d = 9 - q. Suppose 6*v - 2*v = 5*r - 83, 0 = -d*r - 4*v + 50. List the prime factors of r.
19
Let w = -3 - -5. Let n be ((-9)/6)/(w/4). Let h = 1 - n. List the prime factors of h.
2
Let f = 259 + -183. Let k = f - 39. List the prime factors of k.
37
Let y be (-2)/3 - (-221)/39. Suppose -x + y = -4*m - 8, -4 = -3*x + 5*m. Let d = 45 + x. List the prime factors of d.
2, 19
Let f(o) = -9*o + 1 + 4*o + 1. What are the prime factors of f(-10)?
2, 13
Suppose -1246*q = -1254*q + 26632. List the prime factors of q.
3329
Let j(w) = -w + 8. Let b = 16 + -11. Let k be j(b). Suppose 4*s + s + 108 = 4*a, -k*s = -3*a + 81. What are the prime factors of a?
3
Let y be (3/(-4))/((-1)/4). Suppose -27 = -3*q + y*z, 25 = -z - 4*z. Suppose -4*m = -8*m + 2*f + 30, 0 = -q*m - 2*f + 18. List the prime factors of m.
2, 3
Let u be -47*2 + -1 + -2. Let k = u - -164. What are the prime factors of k?
67
Let n(c) = -c**3 - 6*c**2 - 3*c + 3. Let p(s) = -2*s**2 + 2*s**3 + 7*s**2 + 6*s - 6 - 3*s**3. Let i be p(6). What are the prime factors of n(i)?
3, 7
Let q(j) = 36*j**3 + 8*j**2 - 11*j + 4. List the prime factors of q(3).
5, 7, 29
Let m(a) be the second derivative of 37*a**3/6 + a**2 + 9*a. Let d be m(7). Suppose d = 4*r + p, -2*r - r - 5*p = -217. List the prime factors of r.
2
Suppose -30996 = -20*q - 7*q. What are the prime factors of q?
2, 7, 41
Let h(b) = -2*b**3 + b**2 + 35*b - 66. List the prime factors of h(-12).
2, 3, 173
Let j be 2698/4 + 1 - 10/20. Suppose 0*m = -4*h + 4*m + 552, -2*m - j = -5*h. List the prime factors of h.
7, 19
Let u be 4/10 - 118/(-5). Suppose -2*y + 78 = 2*o, 2*o + u = -3*y + 107. What are the prime factors of o?
2, 17
Let x be (-54)/(-13) + (-18)/117. Suppose 4*d + 4*v - 40 = 2*d, -68 = -x*d - 5*v. Suppose -d = -2*u - 0*u. What are the prime factors of u?
2, 3
Let r be 747 + (5 - (-4 - -8)). Suppose 8*b = 19*b - r. What are the prime factors of b?
2, 17
Let d = 42 + -21. Suppose h = -5*q + 19, 0*h = h + 3*q - 9. Let y = d + h. What are the prime factors of y?
3, 5
Let h(t) = -11*t. Let f be (-3)/(-5) + 21/(-35). Suppose 4*y = 5*w - 2, -y + 7 = -f*y - 5*w. What are the prime factors of h(y)?
3, 11
Let h = -122 + 239. Suppose 0 = 5*s - 1027 + h. What are the prime factors of s?
2, 7, 13
Suppose 3*n + 4 = 10. Suppose n + 62 = 4*y. Let p = y - 11. List the prime factors of p.
5
Suppose 0 = -3*y + 4*q - 5*q + 44, 8 = 4*q. Let i = 164 + -170. Let n = i + y. What are the prime factors of n?
2
List the prime factors of -3*((-4445)/21 + 7).
2, 307
Suppose 2*o = -s + 3, -4*s + 29 = 33. Suppose -u + 2*u = 0. Suppose -o*m - 3*m - g + 240 = u, -4*m = 2*g - 192. What are the prime factors of m?
2, 3
Let n(f) = -f**3 + 12*f**2 - 5. Let m be n(5). Suppose -2*l + 382 = -m. List the prime factors of l.
2, 3, 23
Suppose 9 + 11 = 5*s. Let q(m) = 25*m - 15. Let p(y) = y - 1. Let n(f) = -15*p(f) + q(f). What are the prime factors of n(s)?
2, 5
Suppose 3*p - 10 = -16. List the prime factors of -9*((-20)/6 + p).
2, 3
Let x = 262 + -190. What are the prime factors of x?
2, 3
Suppose -21*s + 24*s - 3*q - 7845 = 0, 2*s - 3*q = 5226. List the prime factors of s.
3, 97
Let k(h) = -h**3 - 4*h**2 + h**2 - 5 - h**2. Let u be k(-5). List the prime factors of (208/u)/(2/5).
2, 13
Let f(w) = -15*w**3 + 3*w**2 - 3*w - 4. Let a(x) = -14*x**3 + 2*x**2 - 2*x - 3. Let g(j) = -3*a(j) + 2*f(j). What are the prime factors of g(2)?
97
Let m(c) = -1. Let z(s) = 23*s - 5. Let n(p) = -5*m(p) - z(p). List the prime factors of n(-4).
2, 3, 17
Suppose 3*n - 82 = -z, 94 = 5*n - z - 48. Suppose n*p + 4 = 26*p. Let w = p + 17. What are the prime factors of w?
3, 5
Let f(i) = -i**2 + 12*i + 17. Let n be f(13). Let j be (1 - 0) + 20/n. What are the prime factors of (99/j)/((-9)/(-12))?
2, 11
Suppose 0 = 5*l - 3*g - 0*g - 3113, -8 = -2*g. List the prime factors of l.
5
Suppose -301*z = -286*z - 25020. List the prime factors of z.
2, 3, 139
Suppose c + 34 = -c + 2*k, -5*c - 5*k = 65. Let v be ((-110)/c)/(2/(-9)). What are the prime factors of (-12)/20 - v/5?
2, 3
Let m = -93 + 93. Suppose z + 7*l - 2*l - 134 = m, -4*z + 554 = 2*l. List the prime factors of z.
139
Let t = 47 + -21. Let q = t + -24. List the prime factors of 25 - (6/(-2) + q).
2, 13
Suppose 33*r - 15190 = 19*r. What are the prime factors of r?
5, 7, 31
Let t = -1 + 4. Suppose t*y - 93 - 24 = -3*u, -3*y + u + 113 = 0. Suppose -4*a - 5*g = -y, -a + 2 + 3 = -g. What are the prime factors of a?
7
Let w(x) = -x**3 - 12*x**2 + 3*x - 8. List the prime factors of w(-14).
2, 3, 19
Let a = 69 + -47. Let v(k) = 3*k**2 - 66*k + 14. List the prime factors of v(a).
2, 7
Let l(d) = -11*d. Let f be l(2). Let i = 22 + f. Suppose i = -4*r + 27 + 57. What are the prime factors of r?
3, 7
Let z(g) = 52*g. Let m be z(2). Let b = m - 51. List the prime factors of b.
53
Suppose 0 = 2*j - 2*k - 948, -5*j = 3*k - 622 - 1788. What are the prime factors of j?
479
Suppose 30 = -0*k + 5*k. Let n(d) = d**2 + 11*d - 10. What are the prime factors of n(k)?
2, 23
Let n be (1 + -10)*(200/(-24) + 7). List the prime factors of 18/n - 466/(-4).
2, 59
Let w(y) = -15*y + 206. List the prime factors of w(-9).
11, 31
Let k(i) = 4*i**2 - 5*i - 4. Let w be k(-3). Let o(g) = g**3 + 18*g**2 - 38*g + 22. Let y be o(-20). Let r = y + w. What are the prime factors of r?
29
Suppose 320 = -6*h + 11*h. Suppose 3*z + h = z. Let g = 58 + z. List the prime factors of g.
2, 13
Suppose -34 = -3*n + 11. Let g = n - 8. Suppose -12*t + g*t + 75 = 0. List the prime factors of t.
3, 5
Suppose 7*s - 10*s = -3*w + 1515, 4*s = -12. What are the prime factors of w?
2, 251
Suppose 14*z + 464 = -740. Let u = 124 + z. List the prime factors of u.
2, 19
List the prime factors of (-11)/((2 - -5) + 2150/(-307)).
11, 307
Suppose 3*f = 3*h + 3, 3*f - 2*h + 5*h - 3 = 0. List the prime factors of (-6)/(-8)*f + (-2984)/(-32).
2, 47
Let h = -27 - -5. Let c = h - -21. What are the prime factors of 4 - 2 - c - -64?
67
Suppose -3*z - 27 = -6*z. Suppose -2*f - f = -z. List the prime factors of -2*(7 - f)*-3.
2, 3
Suppose 13*r = 11*r - n + 138, -5*r - n + 339 = 0. List the prime factors of r.
67
What are the prime factors of (-8622)/((-5 + (-85)/(-15))*-3)?
3, 479
Let u = -13 - -6. Let r(j) = j**3 + 6*j**2 - 6*j + 5. Let k be r(u). What are the prime factors of 2 - 2 - k - -3?
5
Suppose 2*u - 2*y = 36, u + 5*y - 27 + 3 = 0. Let w = -15 + u. Suppose -3*h + 1 + 148 = w*p, 43 = p - 5*h. List the prime factors of p.
2, 19
Let b(c) = c**3 - 6*c**2 + 4*c + 5. Let o be b(5). Suppose -229 = 3*z + p - 672, o = -z + p + 153. What are the prime factors of z?
149
Let p be (6/4)/((-6)/8). Let b be ((-1)/(-2))/((-1)/p). Suppose 5*v - 26 + b = 0, -3*v = -5*j + 120. List the prime factors of j.
3
Let w = -2383 - -3420. What are the prime factors of w?
17, 61
List the prime factors of (19 - 20)*(-2 + 2 - 3602).
2, 1801
Let v = -35 - -31. Let b(z) = -2*z + 2. What are the prime factors of b(v)?
2, 5
Suppose i = -5*w - 20, 3*i + 3*w + 3 + 9 = 0. Let n be 2/1 + (57 - i). Let d = n + -36. List the prime factors of d.
23
Let k(p) = 6*p**2 - 3*p + 24. What are the prime factors of k(10)?
2, 3, 11
Suppose -2*w + 7*w - 10 = 0. Suppose 0 = 2*m + w - 44. List the prime factors of m.
3, 7
Suppose j + 8 = 3*j, 4*j - 10 = -2*l. Let m = 3 + l. Let h = 19 + m. What are the prime factors of h?
19
What are the prime factors of (-16413)/(-9) + 44/(-66)?
1823
Let y = -865 - -1135. List the prime factors of y.
2, 3, 5
Let d(b) = -2*b + 15. Let z(g) = g**3 + 9*g**2 - 7*g + 20. Let l be z(-10). List the prime factors of d(l).
5, 7
Let r = 0 + 21. Let d = -20 + r. List the prime factors of (3 - d)/((-12)/(-48)).
2
Let i = 47 + 21. Suppose 0 = -5*p + 6*p - i. List the prime factors of p.
2, 17
Suppose 4*c + 44 = 8*c. Let g = c - -40. What are the prime factors of g?
3, 17
Let c = 2007 - 1070. What are the prime factors of c?
937
List the prime factors of (1 + (-5